307
What are the prime factors of 1227796?
2, 306949
List the prime factors of 1040137.
7, 139, 1069
List the prime factors of 483856.
2, 30241
What are the prime factors of 904088?
2, 113011
List the prime factors of 648672.
2, 3, 29, 233
List the prime factors of 406184.
2, 50773
What are the prime factors of 5507506?
2, 29, 269, 353
What are the prime factors of 2320886?
2, 1160443
List the prime factors of 339625.
5, 11, 13, 19
What are the prime factors of 574416?
2, 3, 3989
What are the prime factors of 60745?
5, 12149
List the prime factors of 6554994.
2, 3, 37, 29527
List the prime factors of 7199084.
2, 47, 149, 257
List the prime factors of 7511589.
3, 278207
What are the prime factors of 225829?
225829
List the prime factors of 23570508.
2, 3, 13, 139, 1087
What are the prime factors of 1150582?
2, 61, 9431
List the prime factors of 262264.
2, 32783
List the prime factors of 962784.
2, 3, 3343
What are the prime factors of 4217473?
13, 439, 739
List the prime factors of 7968.
2, 3, 83
What are the prime factors of 241262?
2, 7, 19, 907
What are the prime factors of 3883469?
47, 53, 1559
What are the prime factors of 137926?
2, 68963
List the prime factors of 2313143.
7, 47207
What are the prime factors of 12056592?
2, 3, 251179
List the prime factors of 2826850.
2, 5, 13, 4349
What are the prime factors of 215051?
215051
List the prime factors of 110459.
110459
List the prime factors of 223636.
2, 7, 163
List the prime factors of 334025.
5, 31, 431
What are the prime factors of 233535?
3, 5, 15569
List the prime factors of 3555675.
3, 5, 15803
List the prime factors of 229797.
3, 2837
List the prime factors of 3346350.
2, 3, 5, 7, 3187
What are the prime factors of 79840?
2, 5, 499
What are the prime factors of 2891570?
2, 5, 11, 97, 271
What are the prime factors of 1062595?
5, 223, 953
List the prime factors of 1308957.
3, 13, 33563
List the prime factors of 6442567.
6442567
What are the prime factors of 3794?
2, 7, 271
List the prime factors of 7664323.
29, 127, 2081
What are the prime factors of 635649?
3, 7, 30269
What are the prime factors of 14760678?
2, 3, 2460113
List the prime factors of 6924675.
3, 5, 127, 727
List the prime factors of 6130092.
2, 3, 409, 1249
List the prime factors of 7727577.
3, 11, 13, 18013
List the prime factors of 61448.
2, 7681
List the prime factors of 194450.
2, 5, 3889
List the prime factors of 11078091.
3, 79, 15581
List the prime factors of 16776386.
2, 11, 762563
What are the prime factors of 966654?
2, 3, 13, 17
What are the prime factors of 13744812?
2, 3, 163, 7027
What are the prime factors of 166811?
31, 5381
What are the prime factors of 2366326?
2, 1183163
What are the prime factors of 523467?
3, 7, 1187
What are the prime factors of 3247698?
2, 3, 541283
List the prime factors of 11753255.
5, 463, 5077
What are the prime factors of 902555?
5, 180511
List the prime factors of 12580262.
2, 1031, 6101
List the prime factors of 1837762.
2, 97, 9473
List the prime factors of 2490917.
11, 13, 17419
What are the prime factors of 159039?
3, 41, 431
What are the prime factors of 17071684?
2, 7, 349, 1747
What are the prime factors of 2582884?
2, 757, 853
What are the prime factors of 1920500?
2, 5, 23, 167
List the prime factors of 197677.
197677
What are the prime factors of 4836525?
3, 5, 59, 1093
List the prime factors of 1509587.
1509587
What are the prime factors of 1572439?
11, 142949
What are the prime factors of 616686?
2, 3, 7, 14683
What are the prime factors of 740914?
2, 271, 1367
What are the prime factors of 59692?
2, 14923
What are the prime factors of 33084783?
3, 3676087
List the prime factors of 535412.
2, 133853
List the prime factors of 411264.
2, 3, 7, 17
What are the prime factors of 8562219?
3, 2854073
List the prime factors of 22096611.
3, 818393
What are the prime factors of 8841420?
2, 3, 5, 7, 2339
What are the prime factors of 189698?
2, 94849
List the prime factors of 4519451.
359, 12589
List the prime factors of 22057640.
2, 5, 11, 50131
List the prime factors of 507288.
2, 3, 23, 919
What are the prime factors of 8317540?
2, 5, 7, 11, 491
What are the prime factors of 5945019?
3, 17, 6857
List the prime factors of 746170.
2, 5, 29, 31, 83
List the prime factors of 496340.
2, 5, 13, 23, 83
What are the prime factors of 3388028?
2, 7, 121001
List the prime factors of 336017.
11, 2777
What are the prime factors of 548601?
3, 182867
What are the prime factors of 25895794?
2, 17, 101, 7541
List the prime factors of 628068.
2, 3, 7, 7477
List the prime factors of 42936.
2, 3, 1789
List the prime factors of 259428.
2, 3, 13, 1663
List the prime factors of 188408.
2, 11, 2141
What are the prime factors of 192982?
2, 47, 2053
List the prime factors of 290301.
3, 11, 19, 463
List the prime factors of 1443709.
1443709
What are the prime factors of 719624?
2, 23, 3911
List the prime factors of 127013.
157, 809
List the prime factors of 3191154.
2, 3, 61, 8719
What are the prime factors of 3907744?
2, 122117
List the prime factors of 7067407.
37, 251, 761
List the prime factors of 1131876.
2, 3, 23, 1367
What are the prime factors of 10138167?
3, 13, 73, 1187
List the prime factors of 42756198.
2, 3, 463, 15391
List the prime factors of 948648.
2, 3, 29, 47
What are the prime factors of 41070736?
2, 7, 366703
List the prime factors of 37818.
2, 3, 11, 191
What are the prime factors of 397518?
2, 3, 11, 19, 317
What are the prime factors of 5038610?
2, 5, 19, 23, 1153
What are the prime factors of 15822493?
31, 510403
What are the prime factors of 198980?
2, 5, 9949
List the prime factors of 4890884.
2, 587, 2083
List the prime factors of 61940.
2, 5, 19, 163
List the prime factors of 2400714.
2, 3, 41, 3253
What are the prime factors of 573153?
3, 7, 557
What are the prime factors of 595120?
2, 5, 43, 173
What are the prime factors of 20849214?
2, 3, 1151, 3019
List the prime factors of 1028711.
37, 27803
What are the prime factors of 2447318?
2, 773, 1583
List the prime factors of 2789839.
13, 214603
What are the prime factors of 3783819?
3, 13, 97021
List the prime factors of 148409.
19, 73, 107
List the prime factors of 10522401.
3, 43, 81569
List the prime factors of 4055952.
2, 3, 84499
What are the prime factors of 882326?
2, 23, 19181
What are the prime factors of 403574?
2, 201787
List the prime factors of 479416.
2, 7, 1223
List the prime factors of 8631403.
11, 269, 2917
What are the prime factors of 2636206?
2, 1318103
What are the prime factors of 1936593?
3, 107, 2011
What are the prime factors of 1577027?
1577027
List the prime factors of 504947.
504947
List the prime factors of 2095779.
3, 7, 53, 269
List the prime factors of 1352989.
11, 47, 2617
List the prime factors of 4068569.
4068569
What are the prime factors of 225735?
3, 5, 101, 149
What are the prime factors of 443453?
443453
What are the prime factors of 1375858?
2, 11, 62539
List the prime factors of 670785.
3, 5, 197, 227
What are the prime factors of 253099?
7, 11, 19, 173
List the prime factors of 633471.
3, 17, 12421
List the prime factors of 260950.
2, 5, 17, 307
List the prime factors of 420303.
3, 13, 829
What are the prime factors of 710826?
2, 3, 118471
What are the prime factors of 29165?
5, 19, 307
What are the prime factors of 2950374?
2, 3, 7, 199, 353
What are the prime factors of 782129?
782129
What are the prime factors of 1668898?
2, 7, 11, 10837
What are the prime factors of 6440962?
2, 11, 19, 811
List the prime factors of 3392076.
2, 3, 67, 4219
What are the prime factors of 701075?
5, 29, 967
What are the prime factors of 203474?
2, 101737
What are the prime factors of 421994?
2, 257, 821
What are the prime factors of 4570942?
2, 823, 2777
List the prime factors of 8830645.
5, 29, 60901
List the prime factors of 1824836.
2, 13, 19, 1847
List the prime factors of 20956.
2, 13, 31
What are the prime factors of 15490?
2, 5, 1549
List the prime factors of 8893306.
2, 59, 75367
What are the prime factors of 9027901?
17, 47, 11299
List the prime factors of 5948173.
7, 11, 77249
List the prime factors of 603421.
7, 13, 19, 349
List the prime factors of 325098.
2, 3, 18061
What are the prime factors of 21166808?
2, 13, 23, 8849
List the prime factors of 170633.
170633
List the prim